{"id":6503,"date":"2025-10-29T16:41:16","date_gmt":"2025-10-29T15:41:16","guid":{"rendered":"https:\/\/siltisud.test3d0.it\/?page_id=6503"},"modified":"2025-11-21T16:43:53","modified_gmt":"2025-11-21T15:43:53","slug":"environnement","status":"publish","type":"page","link":"https:\/\/siltisud.com\/fr\/environnement\/","title":{"rendered":"Environnement"},"content":{"rendered":"\t\t<div data-elementor-type=\"wp-page\" data-elementor-id=\"6503\" class=\"elementor elementor-6503\" data-elementor-post-type=\"page\">\n\t\t\t\t\t\t<section class=\"elementor-section elementor-top-section elementor-element elementor-element-209d031 elementor-section-boxed elementor-section-height-default elementor-section-height-default\" data-id=\"209d031\" data-element_type=\"section\">\n\t\t\t\t\t\t<div class=\"elementor-container elementor-column-gap-default\">\n\t\t\t\t\t<div class=\"elementor-column elementor-col-100 elementor-top-column elementor-element elementor-element-826eceb\" data-id=\"826eceb\" data-element_type=\"column\">\n\t\t\t<div class=\"elementor-widget-wrap elementor-element-populated\">\n\t\t\t\t\t\t<div class=\"elementor-element elementor-element-fe36cd9 elementor-widget elementor-widget-text-editor\" data-id=\"fe36cd9\" data-element_type=\"widget\" data-widget_type=\"text-editor.default\">\n\t\t\t\t\t\t\t\t\t<p><span data-contrast=\"auto\">Le poteau en fibre de verre a \u00e9t\u00e9 con\u00e7u et perfectionn\u00e9 comme support recyclable pour les r\u00e9seaux de c\u00e2bles, exempt de traitements ou de composants nocifs pour le sol o\u00f9 il est install\u00e9, et capable de s&rsquo;int\u00e9grer harmonieusement \u00e0 l&rsquo;environnement gr\u00e2ce \u00e0 des couleurs imitant celles des arbres et des b\u00e2timents environnants.<\/span><span data-ccp-props=\"{}\">\u00a0<\/span><\/p><p><span data-contrast=\"auto\">C&rsquo;est l&rsquo;origine d&rsquo;un engagement envers l&rsquo;environnement et les ressources naturelles qui a guid\u00e9 le d\u00e9veloppement de l&rsquo;entreprise au fil des d\u00e9cennies, de l&rsquo;attention port\u00e9e au cycle de vie des produits et des mati\u00e8res premi\u00e8res \u00e0 l&rsquo;adoption d&rsquo;un syst\u00e8me de gestion environnementale (SGE) certifi\u00e9 ISO 14001, en passant par la r\u00e9cente installation d&rsquo;un syst\u00e8me photovolta\u00efque de pointe capable de couvrir la moiti\u00e9 des besoins \u00e9nerg\u00e9tiques de la production.<\/span><span data-ccp-props=\"{}\">\u00a0<\/span><\/p><p><span data-contrast=\"auto\">Le respect de l&rsquo;environnement s&rsquo;allie \u00e0 un engagement envers notre ressource la plus pr\u00e9cieuse\u202f: nos employ\u00e9s. Fid\u00e8les au principe \u00ab\u202fLa s\u00e9curit\u00e9 avant tout\u202f\u00bb, nous garantissons un environnement de travail s\u00fbr et sain, favorisant ainsi la diffusion d&rsquo;une culture de la s\u00e9curit\u00e9.<\/span><span data-ccp-props=\"{}\">\u00a0<\/span><\/p>\t\t\t\t\t\t\t\t<\/div>\n\t\t\t\t<div class=\"elementor-element elementor-element-8759c68 elementor-invisible elementor-widget elementor-widget-image\" data-id=\"8759c68\" data-element_type=\"widget\" data-settings=\"{&quot;_animation&quot;:&quot;fadeInUp&quot;}\" data-widget_type=\"image.default\">\n\t\t\t\t\t\t\t\t\t\t\t\t\t\t\t<img fetchpriority=\"high\" decoding=\"async\" width=\"1307\" height=\"851\" src=\"https:\/\/siltisud.com\/wp-content\/uploads\/2025\/10\/ambiente-img1.jpg\" class=\"attachment-full size-full wp-image-6772\" alt=\"\" srcset=\"https:\/\/siltisud.com\/wp-content\/uploads\/2025\/10\/ambiente-img1.jpg 1307w, https:\/\/siltisud.com\/wp-content\/uploads\/2025\/10\/ambiente-img1-300x195.jpg 300w, https:\/\/siltisud.com\/wp-content\/uploads\/2025\/10\/ambiente-img1-1024x667.jpg 1024w, https:\/\/siltisud.com\/wp-content\/uploads\/2025\/10\/ambiente-img1-768x500.jpg 768w, https:\/\/siltisud.com\/wp-content\/uploads\/2025\/10\/ambiente-img1-1080x703.jpg 1080w\" sizes=\"(max-width: 1307px) 100vw, 1307px\" \/>\t\t\t\t\t\t\t\t\t\t\t\t\t\t\t<\/div>\n\t\t\t\t<div class=\"elementor-element elementor-element-708d22a elementor-view-default elementor-widget elementor-widget-wgl-toggle-accordion\" data-id=\"708d22a\" data-element_type=\"widget\" data-widget_type=\"wgl-toggle-accordion.default\">\n\t\t\t\t<div class=\"elementor-widget-container\">\n\t\t\t\t\t<div class=\"wgl-accordion icon-plus\" id=\"wgl-accordion-708d22a\" data-type=\"toggle\"><div class=\"wgl-accordion_panel\"><h4 id=\"wgl-accordion_header-1181\" class=\"wgl-accordion_header\" data-default=\"yes\"><span class=\"wgl-accordion_title\">Analyse du cycle de vie (ACV) et r\u00e9duction de l'empreinte carbone<\/span><i class=\"wgl-accordion_icon elementor-icon \"><\/i><\/h4><div class=\"wgl-accordion_content\"><p><span data-contrast=\"auto\" xml:lang=\"FR-FR\" lang=\"FR-FR\" class=\"TextRun SCXW174528185 BCX0\"><span class=\"NormalTextRun SCXW174528185 BCX0\">Afin d'optimiser l'efficacit\u00e9 de nos actions, nous avons adopt\u00e9 une analyse du cycle de vie (ACV) pour tous nos produits. Cette approche holistique nous permet d'analyser l'impact environnemental d'un produit \u00e0 chaque \u00e9tape, de la s\u00e9lection des mati\u00e8res premi\u00e8res \u00e0 son \u00e9limination. Gr\u00e2ce \u00e0 cette analyse d\u00e9taill\u00e9e, nous sommes en mesure d'identifier et de mettre en \u0153uvre les meilleures strat\u00e9gies pour r\u00e9duire notre empreinte carbone.<\/span><\/span><span class=\"EOP SCXW174528185 BCX0\" data-ccp-props=\"{}\">\u00a0<\/span><\/p><\/div><\/div><div class=\"wgl-accordion_panel\"><h4 id=\"wgl-accordion_header-1182\" class=\"wgl-accordion_header\" data-default=\"\"><span class=\"wgl-accordion_title\">\u00c9nergies renouvelables et comptabilisation des \u00e9missions <\/span><i class=\"wgl-accordion_icon elementor-icon \"><\/i><\/h4><div class=\"wgl-accordion_content\"><span data-contrast=\"auto\" xml:lang=\"FR-FR\" lang=\"FR-FR\" class=\"TextRun SCXW27137103 BCX0\"><span class=\"NormalTextRun SCXW27137103 BCX0\">Notre transition vers une \u00e9conomie bas carbone est un processus concret et mesurable. Nous avons investi massivement dans les \u00e9nergies propres en installant un syst\u00e8me photovolta\u00efque de 250 kW sur le toit de notre usine. Ce syst\u00e8me nous permet de produire une part importante de nos besoins \u00e9nerg\u00e9tiques directement \u00e0 partir de sources renouvelables, r\u00e9duisant ainsi notre d\u00e9pendance aux combustibles fossiles de pr\u00e8s de 50 %. Parall\u00e8lement, nous avons mis en place un syst\u00e8me rigoureux de comptabilisation des \u00e9missions de gaz \u00e0 effet de serre (GES), nous permettant de suivre avec pr\u00e9cision notre performance environnementale et de fixer des objectifs clairs de r\u00e9duction des \u00e9missions.<\/span><\/span><span class=\"EOP SCXW27137103 BCX0\" data-ccp-props=\"{}\">\u00a0<\/span>\n\n<img decoding=\"async\" class=\"alignnone size-medium wp-image-9901\" src=\"\/wp-content\/uploads\/2025\/11\/energie-rinnovabili.jpeg\" alt=\"\" width=\"100%\" height=\"100%\" srcset=\"https:\/\/siltisud.com\/wp-content\/uploads\/2025\/11\/energie-rinnovabili.jpeg 1223w, https:\/\/siltisud.com\/wp-content\/uploads\/2025\/11\/energie-rinnovabili-300x190.jpeg 300w, https:\/\/siltisud.com\/wp-content\/uploads\/2025\/11\/energie-rinnovabili-1024x650.jpeg 1024w, https:\/\/siltisud.com\/wp-content\/uploads\/2025\/11\/energie-rinnovabili-768x487.jpeg 768w, https:\/\/siltisud.com\/wp-content\/uploads\/2025\/11\/energie-rinnovabili-1080x685.jpeg 1080w\" sizes=\"(max-width: 1223px) 100vw, 1223px\" \/><\/div><\/div><div class=\"wgl-accordion_panel\"><h4 id=\"wgl-accordion_header-1183\" class=\"wgl-accordion_header\" data-default=\"\"><span class=\"wgl-accordion_title\">Certifications et partenariats fournisseurs<\/span><i class=\"wgl-accordion_icon elementor-icon \"><\/i><\/h4><div class=\"wgl-accordion_content\"><p><span data-contrast=\"auto\" xml:lang=\"FR-FR\" lang=\"FR-FR\" class=\"TextRun SCXW33484848 BCX0\"><span class=\"NormalTextRun SCXW33484848 BCX0\">Pour valider notre engagement, nous avons adh\u00e9r\u00e9 \u00e0 des syst\u00e8mes de certification internationalement reconnus. L'obtention de la certification ISO 14001 et la participation au programme d'\u00e9valuation <\/span><span class=\"NormalTextRun SpellingErrorV2Themed SCXW33484848 BCX0\">EcoVadis<\/span><span class=\"NormalTextRun SCXW33484848 BCX0\"> t\u00e9moignent de la robustesse de nos syst\u00e8mes de gestion environnementale et de la transparence de nos actions. De plus, nous sommes convaincus que le d\u00e9veloppement durable est une responsabilit\u00e9 partag\u00e9e. C'est pourquoi nous s\u00e9lectionnons nos fournisseurs non seulement en fonction de la qualit\u00e9 et du co\u00fbt, mais aussi de leur conformit\u00e9 aux r\u00e9glementations environnementales, cr\u00e9ant ainsi une cha\u00eene de valeur qui refl\u00e8te nos propres principes environnementaux. Ainsi, nous \u00e9tendons notre engagement environnemental au-del\u00e0 des fronti\u00e8res de notre entreprise, en promouvant des pratiques durables tout au long de notre cha\u00eene d'approvisionnement.<\/span><\/span><span class=\"EOP SCXW33484848 BCX0\" data-ccp-props=\"{}\">\u00a0<\/span><\/p><\/div><\/div><\/div>\t\t\t\t<\/div>\n\t\t\t\t<\/div>\n\t\t\t\t<div class=\"elementor-element elementor-element-73c7eba elementor-widget elementor-widget-spacer\" data-id=\"73c7eba\" data-element_type=\"widget\" data-widget_type=\"spacer.default\">\n\t\t\t\t\t\t\t<div class=\"elementor-spacer\">\n\t\t\t<div class=\"elementor-spacer-inner\"><\/div>\n\t\t<\/div>\n\t\t\t\t\t\t<\/div>\n\t\t\t\t\t<\/div>\n\t\t<\/div>\n\t\t\t\t\t<\/div>\n\t\t<\/section>\n\t\t\t\t<\/div>\n\t\t","protected":false},"excerpt":{"rendered":"<p>Le poteau en fibre de verre a \u00e9t\u00e9 con\u00e7u et perfectionn\u00e9 comme support recyclable pour les r\u00e9seaux de c\u00e2bles, exempt de traitements ou de composants nocifs pour le sol o\u00f9 il est install\u00e9, et capable de s&rsquo;int\u00e9grer harmonieusement \u00e0 l&rsquo;environnement gr\u00e2ce \u00e0 des couleurs imitant celles des arbres et des b\u00e2timents environnants.\u00a0 C&rsquo;est l&rsquo;origine d&rsquo;un [&hellip;]<\/p>\n","protected":false},"author":1,"featured_media":0,"parent":0,"menu_order":0,"comment_status":"closed","ping_status":"closed","template":"","meta":{"footnotes":""},"class_list":["post-6503","page","type-page","status-publish","hentry"],"_links":{"self":[{"href":"https:\/\/siltisud.com\/fr\/wp-json\/wp\/v2\/pages\/6503","targetHints":{"allow":["GET"]}}],"collection":[{"href":"https:\/\/siltisud.com\/fr\/wp-json\/wp\/v2\/pages"}],"about":[{"href":"https:\/\/siltisud.com\/fr\/wp-json\/wp\/v2\/types\/page"}],"author":[{"embeddable":true,"href":"https:\/\/siltisud.com\/fr\/wp-json\/wp\/v2\/users\/1"}],"replies":[{"embeddable":true,"href":"https:\/\/siltisud.com\/fr\/wp-json\/wp\/v2\/comments?post=6503"}],"version-history":[{"count":35,"href":"https:\/\/siltisud.com\/fr\/wp-json\/wp\/v2\/pages\/6503\/revisions"}],"predecessor-version":[{"id":10181,"href":"https:\/\/siltisud.com\/fr\/wp-json\/wp\/v2\/pages\/6503\/revisions\/10181"}],"wp:attachment":[{"href":"https:\/\/siltisud.com\/fr\/wp-json\/wp\/v2\/media?parent=6503"}],"curies":[{"name":"wp","href":"https:\/\/api.w.org\/{rel}","templated":true}]}}

<div data-elementor-type="wp-page" data-elementor-id="6503" class="elementor elementor-6503" data-elementor-post-type="page">
						<section class="elementor-section elementor-top-section elementor-element elementor-element-209d031 elementor-section-boxed elementor-section-height-default elementor-section-height-default" data-id="209d031" data-element_type="section">
						<div class="elementor-container elementor-column-gap-default">
					<div class="elementor-column elementor-col-100 elementor-top-column elementor-element elementor-element-826eceb" data-id="826eceb" data-element_type="column">
			<div class="elementor-widget-wrap elementor-element-populated">
						<div class="elementor-element elementor-element-fe36cd9 elementor-widget elementor-widget-text-editor" data-id="fe36cd9" data-element_type="widget" data-widget_type="text-editor.default">
									<p><span data-contrast="auto">Le poteau en fibre de verre a été conçu et perfectionné comme support recyclable pour les réseaux de câbles, exempt de traitements ou de composants nocifs pour le sol où il est installé, et capable de s&rsquo;intégrer harmonieusement à l&rsquo;environnement grâce à des couleurs imitant celles des arbres et des bâtiments environnants.</span><span data-ccp-props="{}"> </span></p><p><span data-contrast="auto">C&rsquo;est l&rsquo;origine d&rsquo;un engagement envers l&rsquo;environnement et les ressources naturelles qui a guidé le développement de l&rsquo;entreprise au fil des décennies, de l&rsquo;attention portée au cycle de vie des produits et des matières premières à l&rsquo;adoption d&rsquo;un système de gestion environnementale (SGE) certifié ISO 14001, en passant par la récente installation d&rsquo;un système photovoltaïque de pointe capable de couvrir la moitié des besoins énergétiques de la production.</span><span data-ccp-props="{}"> </span></p><p><span data-contrast="auto">Le respect de l&rsquo;environnement s&rsquo;allie à un engagement envers notre ressource la plus précieuse : nos employés. Fidèles au principe « La sécurité avant tout », nous garantissons un environnement de travail sûr et sain, favorisant ainsi la diffusion d&rsquo;une culture de la sécurité.</span><span data-ccp-props="{}"> </span></p>								</div>
				<div class="elementor-element elementor-element-8759c68 elementor-invisible elementor-widget elementor-widget-image" data-id="8759c68" data-element_type="widget" data-settings="{&quot;_animation&quot;:&quot;fadeInUp&quot;}" data-widget_type="image.default">
															<img fetchpriority="high" decoding="async" width="1307" height="851" src="https://siltisud.com/wp-content/uploads/2025/10/ambiente-img1.jpg" class="attachment-full size-full wp-image-6772" alt="" srcset="https://siltisud.com/wp-content/uploads/2025/10/ambiente-img1.jpg 1307w, https://siltisud.com/wp-content/uploads/2025/10/ambiente-img1-300x195.jpg 300w, https://siltisud.com/wp-content/uploads/2025/10/ambiente-img1-1024x667.jpg 1024w, https://siltisud.com/wp-content/uploads/2025/10/ambiente-img1-768x500.jpg 768w, https://siltisud.com/wp-content/uploads/2025/10/ambiente-img1-1080x703.jpg 1080w" sizes="(max-width: 1307px) 100vw, 1307px" />															</div>
				<div class="elementor-element elementor-element-708d22a elementor-view-default elementor-widget elementor-widget-wgl-toggle-accordion" data-id="708d22a" data-element_type="widget" data-widget_type="wgl-toggle-accordion.default">
				<div class="elementor-widget-container">
					<div class="wgl-accordion icon-plus" id="wgl-accordion-708d22a" data-type="toggle"><div class="wgl-accordion_panel"><h4 id="wgl-accordion_header-1181" class="wgl-accordion_header" data-default="yes"><span class="wgl-accordion_title">Analyse du cycle de vie (ACV) et réduction de l'empreinte carbone</span><i class="wgl-accordion_icon elementor-icon "></i></h4><div class="wgl-accordion_content"><p><span data-contrast="auto" xml:lang="FR-FR" lang="FR-FR" class="TextRun SCXW174528185 BCX0"><span class="NormalTextRun SCXW174528185 BCX0">Afin d'optimiser l'efficacité de nos actions, nous avons adopté une analyse du cycle de vie (ACV) pour tous nos produits. Cette approche holistique nous permet d'analyser l'impact environnemental d'un produit à chaque étape, de la sélection des matières premières à son élimination. Grâce à cette analyse détaillée, nous sommes en mesure d'identifier et de mettre en œuvre les meilleures stratégies pour réduire notre empreinte carbone.</span></span><span class="EOP SCXW174528185 BCX0" data-ccp-props="{}"> </span></p></div></div><div class="wgl-accordion_panel"><h4 id="wgl-accordion_header-1182" class="wgl-accordion_header" data-default=""><span class="wgl-accordion_title">Énergies renouvelables et comptabilisation des émissions </span><i class="wgl-accordion_icon elementor-icon "></i></h4><div class="wgl-accordion_content"><span data-contrast="auto" xml:lang="FR-FR" lang="FR-FR" class="TextRun SCXW27137103 BCX0"><span class="NormalTextRun SCXW27137103 BCX0">Notre transition vers une économie bas carbone est un processus concret et mesurable. Nous avons investi massivement dans les énergies propres en installant un système photovoltaïque de 250 kW sur le toit de notre usine. Ce système nous permet de produire une part importante de nos besoins énergétiques directement à partir de sources renouvelables, réduisant ainsi notre dépendance aux combustibles fossiles de près de 50 %. Parallèlement, nous avons mis en place un système rigoureux de comptabilisation des émissions de gaz à effet de serre (GES), nous permettant de suivre avec précision notre performance environnementale et de fixer des objectifs clairs de réduction des émissions.</span></span><span class="EOP SCXW27137103 BCX0" data-ccp-props="{}"> </span>

<img decoding="async" class="alignnone size-medium wp-image-9901" src="/wp-content/uploads/2025/11/energie-rinnovabili.jpeg" alt="" width="100%" height="100%" srcset="https://siltisud.com/wp-content/uploads/2025/11/energie-rinnovabili.jpeg 1223w, https://siltisud.com/wp-content/uploads/2025/11/energie-rinnovabili-300x190.jpeg 300w, https://siltisud.com/wp-content/uploads/2025/11/energie-rinnovabili-1024x650.jpeg 1024w, https://siltisud.com/wp-content/uploads/2025/11/energie-rinnovabili-768x487.jpeg 768w, https://siltisud.com/wp-content/uploads/2025/11/energie-rinnovabili-1080x685.jpeg 1080w" sizes="(max-width: 1223px) 100vw, 1223px" /></div></div><div class="wgl-accordion_panel"><h4 id="wgl-accordion_header-1183" class="wgl-accordion_header" data-default=""><span class="wgl-accordion_title">Certifications et partenariats fournisseurs</span><i class="wgl-accordion_icon elementor-icon "></i></h4><div class="wgl-accordion_content"><p><span data-contrast="auto" xml:lang="FR-FR" lang="FR-FR" class="TextRun SCXW33484848 BCX0"><span class="NormalTextRun SCXW33484848 BCX0">Pour valider notre engagement, nous avons adhéré à des systèmes de certification internationalement reconnus. L'obtention de la certification ISO 14001 et la participation au programme d'évaluation </span><span class="NormalTextRun SpellingErrorV2Themed SCXW33484848 BCX0">EcoVadis</span><span class="NormalTextRun SCXW33484848 BCX0"> témoignent de la robustesse de nos systèmes de gestion environnementale et de la transparence de nos actions. De plus, nous sommes convaincus que le développement durable est une responsabilité partagée. C'est pourquoi nous sélectionnons nos fournisseurs non seulement en fonction de la qualité et du coût, mais aussi de leur conformité aux réglementations environnementales, créant ainsi une chaîne de valeur qui reflète nos propres principes environnementaux. Ainsi, nous étendons notre engagement environnemental au-delà des frontières de notre entreprise, en promouvant des pratiques durables tout au long de notre chaîne d'approvisionnement.</span></span><span class="EOP SCXW33484848 BCX0" data-ccp-props="{}"> </span></p></div></div></div>				</div>
				</div>
				<div class="elementor-element elementor-element-73c7eba elementor-widget elementor-widget-spacer" data-id="73c7eba" data-element_type="widget" data-widget_type="spacer.default">
							<div class="elementor-spacer">
			<div class="elementor-spacer-inner"></div>
		</div>
						</div>
					</div>
		</div>
					</div>
		</section>
				</div>

<p>Le poteau en fibre de verre a été conçu et perfectionné comme support recyclable pour les réseaux de câbles, exempt de traitements ou de composants nocifs pour le sol où il est installé, et capable de s&rsquo;intégrer harmonieusement à l&rsquo;environnement grâce à des couleurs imitant celles des arbres et des bâtiments environnants.  C&rsquo;est l&rsquo;origine d&rsquo;un [&hellip;]</p>
